3b22574
In base 8, what is 36 - 1415465?
-1415427
In base 11, what is -752921 - 17?
-752938
In base 16, what is 5 - 19c09bb?
-19c09b6
In base 10, what is 14979553 + 1?
14979554
In base 2, what is 100100111111 - 101010010010110?
-100101101010111
In base 2, what is 1100100001111110001001 - -10?
1100100001111110001011
In base 15, what is 25dcd53 - 1?
25dcd52
In base 15, what is -16e + 194a2?
19333
In base 2, what is -10000001001000001110010 + 10?
-10000001001000001110000
In base 5, what is -134223 - -1002?
-133221
In base 13, what is -13 - 1310a9?
-1310bc
In base 14, what is -52 + -975d6?
-97648
In base 11, what is -a007799 + 2?
-a007797
In base 10, what is 4308 - 18?
4290
In base 5, what is -43 + -101122213?
-101122311
In base 4, what is 30303113213 - -1?
30303113220
In base 5, what is -10 + 112312423011?
112312423001
In base 5, what is -30 - 13300344?
-13300424
In base 5, what is -4041330 - 4034?
-4100414
In base 13, what is 3a + 199496?
199503
In base 7, what is -23200255 + 16?
-23200236
In base 3, what is 112 - 1222000001?
-1221222112
In base 9, what is 258166800 - 0?
258166800
In base 15, what is -23b1bcb + -2?
-23b1bcd
In base 10, what is 2335747 - 31?
2335716
In base 2, what is 100011 + 1111001100110011000101?
1111001100110011101000
In base 11, what is 52289 - -a5?
52383
In base 9, what is -2637 + -44?
-2682
In base 9, what is -1750 + 1158548?
1156688
In base 9, what is -40 - -7527036?
7526886
In base 14, what is ba13 - -190?
bba3
In base 13, what is 2c732 - 47a3?
27c5c
In base 8, what is 1502026 + 133?
1502161
In base 11, what is 13775773 - 3?
13775770
In base 3, what is 122002 - 10220011210?
-10212112201
In base 10, what is 16 + 177411?
177427
In base 16, what is -4 + 10cd57c?
10cd578
In base 9, what is 274321 - -100?
274421
In base 15, what is -17cd - -24cb?
bed
In base 5, what is 4123010331232 + 1?
4123010331233
In base 2, what is -10011100010011001010111 - 1011101?
-10011100010011010110100
In base 6, what is -1201430234 - 2?
-1201430240
In base 5, what is -423334012 - -134?
-423333323
In base 3, what is -22010021201 - -10210?
-22010010221
In base 7, what is 10133152533 - -5?
10133152541
In base 8, what is 2 - 240472143?
-240472141
In base 12, what is 520b + 8?
5217
In base 8, what is -542 + 4427132?
4426370
In base 15, what is 5cd2 + ac9?
68ab
In base 8, what is -167 + 1243601?
1243412
In base 8, what is 6131734 - 2014?
6127720
In base 7, what is 5 - 155356346?
-155356341
In base 8, what is 21 - 121412537?
-121412516
In base 10, what is -1277027 - 5?
-1277032
In base 13, what is -2 - 2aa877a?
-2aa877c
In base 6, what is 151540103053 + -1?
151540103052
In base 15, what is 4 + -399106e?
-399106a
In base 4, what is 203102 - -332021?
1201123
In base 15, what is -2b0ba + 118?
-2aea2
In base 3, what is -2201012022220002 + 2?
-2201012022220000
In base 3, what is 200222120001 - -1021?
200222121022
In base 7, what is -56526 - -111?
-56415
In base 2, what is 101101100 - -10001001001011111110011?
10001001001100101011111
In base 7, what is 1354 + -20513534?
-20512150
In base 14, what is -28c932d + -4?
-28c9333
In base 13, what is 33 + a072?
a0a5
In base 10, what is 10657 - 273?
10384
In base 10, what is 1483 - 206848?
-205365
In base 16, what is 103 + -33652?
-3354f
In base 4, what is 102 + 2022300201?
2022300303
In base 10, what is 28533113 + 5?
28533118
In base 6, what is 203503050 - -5?
203503055
In base 11, what is -9468 - 3985?
-12342
In base 12, what is 1210 - -46666?
47876
In base 16, what is -ea0d - -38e?
-e67f
In base 16, what is 614 - -859f?
8bb3
In base 13, what is 15b9351a - 3?
15b93517
In base 15, what is -1c434d0c - 3?
-1c434d10
In base 9, what is 54 - 400641?
-400576
In base 12, what is -2414 - 759a4?
-781b8
In base 5, what is -23043014 + -11324?
-23104343
In base 6, what is -11 - -5001320121?
5001320110
In base 3, what is 21 + 221220221201122?
221220221201220
In base 2, what is 10101000110 - -1100000101100?
1110101110010
In base 8, what is -22512 - 5122?
-27634
In base 3, what is -202200 + 1021202110?
1020222210
In base 15, what is b01 + -436a?
-3769
In base 2, what is 1000011100100110110010101 - -111?
1000011100100110110011100
In base 2, what is -110100 + -101111001110001001011?
-101111001110001111111
In base 6, what is 105202 - 4303?
100455
In base 8, what is 7760 + 435134?
445114
In base 8, what is 617 + 651320?
652137
In base 3, what is 21100200122 - -21020?
21100221212
In base 3, what is 20221210020010 - -201?
20221210020211
In base 16, what is -646b077 + -f?
-646b086
In base 13, what is 2375 - 2929a?
-26c25
In base 5, what is 1021 + 1040002?
1041023
In base 4, what is 10 - -3120023130?
3120023200
In base 7, what is 2 + 540126?
540131
In base 16, what is -4 + -b20f7b?
-b20f7f
In base 14, what is 12aa5b50 - 1?
12aa5b4d
In base 5, what is -23033413 - -22?
-23033341
In base 2, what is 1000100010010 - 11111101011101?
-10111001001011
In base 10, what is -8533 - -1136?
-7397
In base 4, what is -13 + 113110133121?
113110133102
In base 10, what is 1109 + 763?
1872
In base 2, what is -10111101 + -1001000110001000?
-1001001001000101
In base 11, what is -308547 + -42?
-308589
In base 2, what is 11001111101 + 1010001000001010000?
1010001011011001101
In base 6, what is -10003305 + -111?
-10003420
In base 2, what is 1010101110110110 - 1111101011?
1010011111001011
In base 11, what is 3 - -2196280?
2196283
In base 16, what is e4 - -8ef?
9d3
In base 3, what is 22122112101 + 1210100?
22201022201
In base 10, what is -109 - -140715?
140606
In base 3, what is -22112012 - -1011011?
-21101001
In base 10, what is -408592 + -49?
-408641
In base 7, what is -112 + -1462563?
-1463005
In base 9, what is 110834 - -12?
110846
In base 12, what is -57 + 4ba992?
4ba937
In base 4, what is 102122222122300 - 0?
102122222122300
In base 12, what is -20222b - 67?
-202296
In base 7, what is -14611314 + 21?
-14611263
In base 14, what is 160 - -73c6?
7546
In base 12, what is -661a5908 - 2?
-661a590a
In base 7, what is -1 + -26404503?
-26404504
In base 10, what is 124474834 + -3?
124474831
In base 14, what is -343 - -a32d?
9dca
In base 5, what is 1334014213 - -4?
1334014222
In base 13, what is -1a5 + -c90b3?
-c9288
In base 6, what is 2110430 + -4224?
2102202
In base 3, what is -222200 - -21022?
-201101
In base 11, what is -14 + 1522922?
1522909
In base 6, what is 4 + -1030353235?
-1030353231
In base 2, what is 11101001 - -111101010010010101110?
111101010010110010111
In base 15, what is -1771517 - 3?
-177151a
In base 14, what is -15767d0 - -1?
-15767cd
In base 2, what is 110100 + 10100111101000010011111?
10100111101000011010011
In base 8, what is 452143 + -23?
452120
In base 5, what is 142 + -3022031?
-3021334
In base 2, what is -10111 + -1110000001111111001100?
-1110000001111111100011
In base 6, what is 1514302 - -345?
1515051
In base 8, what is 1636 - 5104406?
-5102550
In base 11, what is 3 + 4857798?
48577a0
In base 15, what is -70b5c9 + 4?
-70b5c5
In base 13, what is -65c9 + 6766?
16a
In base 16, what is -3d - -2dbac?
2db6f
In base 6, what is -1413520550 - -2?
-1413520544
In base 11, what is 8 + 4a65070?
4a65078
In base 11, what is -34a + 619a5?
61656
In base 2, what is -11 + 1100010111111001?
1100010111110110
In base 12, what is -6548 - -7a?
-648a
In base 15, what is -1457ee85 - 5?
-1457ee8a
In base 11, what is 3842 + -6303?
-2571
In base 14, what is -4820a7 + -5?
-4820ac
In base 5, what is 1414 - -143012241?
143014210
In base 11, what is -8 + -1a12167?
-1a12174
In base 10, what is -24841 + -7209?
-32050
In base 16, what is 57f + 520d1?
52650
In base 4, what is -2 - -20031221230021?
20031221230013
In base 8, what is 1 - 45663576?
-45663575
In base 8, what is 57741 - -101?
60042
In base 13, what is b51 + 74069?
74bba
In base 8, what is 0 + 154021134?
154021134
In base 10, what is 1112883 + 34?
1112917
In base 2, what is -100110 + 1110000010111100110?
1110000010111000000
In base 6, what is -441245524 - 2?
-441245530
In base 3, what is 1010210 + 100112202?
101200112
In base 7, what is 56546 + 5113?
64662
In base 12, what is -252 + 5b6aa?
5b458
In base 4, what is -3330 + -121321301?
-121331231
In base 16, what is 28a3c99 + 6?
28a3c9f
In base 14, what is -283d + -a01?
-3440
In base 5, what is -4 + -3143342430?
-3143342434
In base 6, what is -2154 - -1204505?
120231